{"id":126,"date":"2022-10-18T23:36:13","date_gmt":"2022-10-18T23:36:13","guid":{"rendered":"https:\/\/somosmontur.com\/?page_id=126"},"modified":"2026-02-12T15:52:25","modified_gmt":"2026-02-12T15:52:25","slug":"servicios","status":"publish","type":"page","link":"https:\/\/somosmontur.com\/index.php\/servicios\/","title":{"rendered":"Servicios"},"content":{"rendered":"\n<p class=\"has-text-align-center has-large-font-size\" style=\"letter-spacing:12px\">&#8211; DISE\u00d1ADOS PARA TI-<\/p>\n\n\n\n<div style=\"height:100px\" aria-hidden=\"true\" class=\"wp-block-spacer\"><\/div>\n\n\n\n<div class=\"wp-block-columns is-layout-flex wp-container-core-columns-is-layout-9d6595d7 wp-block-columns-is-layout-flex\">\n<div class=\"wp-block-column is-layout-flow wp-block-column-is-layout-flow\">\n<p class=\"has-text-align-center has-medium-font-size\" style=\"letter-spacing:7px\"><strong>ASESOR DE VIAJE<\/strong><\/p>\n\n\n\n<p class=\"has-text-align-center\">Trabajamos para asistir al viajero en todo el recorrido antes durante y despu\u00e9s del viaje, usted podr\u00e1 contar con atenci\u00f3n personalizada, brindando asistencia con las inquietudes o reclamos que pudieran presentarse.<\/p>\n\n\n\n<div style=\"height:25px\" aria-hidden=\"true\" class=\"wp-block-spacer\"><\/div>\n\n\n\n<p class=\"has-text-align-center has-medium-font-size\" style=\"letter-spacing:7px\"><strong>BOLETOS A\u00c9REOS<\/strong><\/p>\n\n\n\n<p class=\"has-text-align-center\">MONTUR le ofrece toda la asistencia durante el proceso de reservaci\u00f3n de vuelos nacionales e internacionales, nos encargamos de suministrar toda la informaci\u00f3n necesaria, especificando fechas de su reservaci\u00f3n, itinerarios de vuelo, disponibilidad y precios.<\/p>\n<\/div>\n\n\n\n<div class=\"wp-block-column is-layout-flow wp-block-column-is-layout-flow\">\n<figure class=\"wp-block-image size-large\"><img loading=\"lazy\" decoding=\"async\" width=\"1024\" height=\"768\" src=\"https:\/\/somosmontur.com\/wp-content\/uploads\/2022\/10\/Paisaje-Waraira-Sector-Cachimbo-1024x768.jpg\" alt=\"\" class=\"wp-image-104\" srcset=\"https:\/\/somosmontur.com\/wp-content\/uploads\/2022\/10\/Paisaje-Waraira-Sector-Cachimbo-1024x768.jpg 1024w, https:\/\/somosmontur.com\/wp-content\/uploads\/2022\/10\/Paisaje-Waraira-Sector-Cachimbo-300x225.jpg 300w, https:\/\/somosmontur.com\/wp-content\/uploads\/2022\/10\/Paisaje-Waraira-Sector-Cachimbo-768x576.jpg 768w, https:\/\/somosmontur.com\/wp-content\/uploads\/2022\/10\/Paisaje-Waraira-Sector-Cachimbo-1536x1152.jpg 1536w, https:\/\/somosmontur.com\/wp-content\/uploads\/2022\/10\/Paisaje-Waraira-Sector-Cachimbo-2048x1536.jpg 2048w\" sizes=\"auto, (max-width: 1024px) 100vw, 1024px\" \/><\/figure>\n<\/div>\n<\/div>\n\n\n\n<div style=\"height:50px\" aria-hidden=\"true\" class=\"wp-block-spacer\"><\/div>\n\n\n\n<div class=\"wp-block-columns is-layout-flex wp-container-core-columns-is-layout-9d6595d7 wp-block-columns-is-layout-flex\">\n<div class=\"wp-block-column is-layout-flow wp-block-column-is-layout-flow\" style=\"flex-basis:100%\">\n<div class=\"wp-block-columns is-layout-flex wp-container-core-columns-is-layout-9d6595d7 wp-block-columns-is-layout-flex\">\n<div class=\"wp-block-column is-layout-flow wp-block-column-is-layout-flow\">\n<div class=\"wp-block-cover is-light\" style=\"min-height:226px;aspect-ratio:unset;\"><span aria-hidden=\"true\" class=\"wp-block-cover__background has-white-background-color has-background-dim-100 has-background-dim\"><\/span><div class=\"wp-block-cover__inner-container is-layout-flow wp-block-cover-is-layout-flow\">\n<p class=\"has-text-align-center has-medium-font-size\" style=\"letter-spacing:7px\"><strong>SEGUROS DE VIAJE<\/strong><\/p>\n\n\n\n<p class=\"has-text-align-center\">MONTUR siempre pensando en su seguridad y bienestar ofrece planes de atenci\u00f3n que se ajustan a su necesidad y disponibilidad, recuerde que la salud es fundamental y para nosotros su tranquilidad y confort es la meta.<\/p>\n<\/div><\/div>\n<\/div>\n<\/div>\n<\/div>\n<\/div>\n\n\n\n<div style=\"height:50px\" aria-hidden=\"true\" class=\"wp-block-spacer\"><\/div>\n\n\n\n<div class=\"wp-block-columns is-layout-flex wp-container-core-columns-is-layout-9d6595d7 wp-block-columns-is-layout-flex\">\n<div class=\"wp-block-column is-layout-flow wp-block-column-is-layout-flow\"><div class=\"wp-block-image\">\n<figure class=\"aligncenter size-large is-resized\"><img loading=\"lazy\" decoding=\"async\" width=\"1024\" height=\"768\" src=\"https:\/\/somosmontur.com\/wp-content\/uploads\/2022\/10\/Playa-Marina-Gande-Sector-Playa-Grande-1024x768.jpg\" alt=\"\" class=\"wp-image-211\" style=\"width:322px;height:241px\" srcset=\"https:\/\/somosmontur.com\/wp-content\/uploads\/2022\/10\/Playa-Marina-Gande-Sector-Playa-Grande-1024x768.jpg 1024w, https:\/\/somosmontur.com\/wp-content\/uploads\/2022\/10\/Playa-Marina-Gande-Sector-Playa-Grande-300x225.jpg 300w, https:\/\/somosmontur.com\/wp-content\/uploads\/2022\/10\/Playa-Marina-Gande-Sector-Playa-Grande-768x576.jpg 768w, https:\/\/somosmontur.com\/wp-content\/uploads\/2022\/10\/Playa-Marina-Gande-Sector-Playa-Grande-1536x1152.jpg 1536w, https:\/\/somosmontur.com\/wp-content\/uploads\/2022\/10\/Playa-Marina-Gande-Sector-Playa-Grande-2048x1536.jpg 2048w\" sizes=\"auto, (max-width: 1024px) 100vw, 1024px\" \/><\/figure>\n<\/div><\/div>\n\n\n\n<div class=\"wp-block-column is-layout-flow wp-block-column-is-layout-flow\">\n<p class=\"has-text-align-center\" style=\"letter-spacing:7px\"><strong>PAQUETES TURISTICOS<\/strong><\/p>\n\n\n\n<p class=\"has-text-align-center\">Nos encargamos de planificar sus vacaciones, dise\u00f1amos una gama de paquetes y promociones ideales para maximizar la experiencia durante el viaje, logrando la desconexi\u00f3n total del d\u00eda a d\u00eda y la m\u00e1s alta calidad del servicio<\/p>\n<\/div>\n<\/div>\n\n\n\n<div style=\"height:50px\" aria-hidden=\"true\" class=\"wp-block-spacer\"><\/div>\n\n\n\n<p class=\"has-text-align-center\" style=\"letter-spacing:7px\"><strong>TOURS INTERNOS<\/strong><\/p>\n\n\n\n<p class=\"has-text-align-center\">Es una experiencia de exploraci\u00f3n dentro de una ciudad o destino cercano, organizada y guiada por nuestra agencia de viajes o aliados comerciales. Contamos con un equipo de profesionales altamente experimentados y conocedores del sitio, quienes se encargan de acompa\u00f1ar a los viajeros en cada etapa del recorrido. Nuestro objetivo es ofrecer una atenci\u00f3n personalizada, brindando informaci\u00f3n valiosa y orientaciones precisas para que cada experiencia sea segura, enriquecedora y memorable. Con MONTUR, tu viaje dentro de la ciudad ser\u00e1 una aventura llena de descubrimientos y atenci\u00f3n de primera calidad.<\/p>\n\n\n\n<div style=\"height:100px\" aria-hidden=\"true\" class=\"wp-block-spacer\"><\/div>\n\n\n\n<p><\/p>\n","protected":false},"excerpt":{"rendered":"<p>&#8211; DISE\u00d1ADOS PARA TI- ASESOR DE VIAJE Trabajamos para asistir al viajero en todo el recorrido antes durante y despu\u00e9s del viaje, usted podr\u00e1 contar con atenci\u00f3n personalizada, brindando asistencia con las inquietudes o reclamos que pudieran presentarse. BOLETOS A\u00c9REOS MONTUR le ofrece toda la asistencia durante el proceso de reservaci\u00f3n de vuelos nacionales e [&hellip;]<\/p>\n","protected":false},"author":1,"featured_media":0,"parent":0,"menu_order":0,"comment_status":"closed","ping_status":"closed","template":"","meta":{"footnotes":""},"class_list":["post-126","page","type-page","status-publish","hentry"],"_links":{"self":[{"href":"https:\/\/somosmontur.com\/index.php\/wp-json\/wp\/v2\/pages\/126","targetHints":{"allow":["GET"]}}],"collection":[{"href":"https:\/\/somosmontur.com\/index.php\/wp-json\/wp\/v2\/pages"}],"about":[{"href":"https:\/\/somosmontur.com\/index.php\/wp-json\/wp\/v2\/types\/page"}],"author":[{"embeddable":true,"href":"https:\/\/somosmontur.com\/index.php\/wp-json\/wp\/v2\/users\/1"}],"replies":[{"embeddable":true,"href":"https:\/\/somosmontur.com\/index.php\/wp-json\/wp\/v2\/comments?post=126"}],"version-history":[{"count":16,"href":"https:\/\/somosmontur.com\/index.php\/wp-json\/wp\/v2\/pages\/126\/revisions"}],"predecessor-version":[{"id":496,"href":"https:\/\/somosmontur.com\/index.php\/wp-json\/wp\/v2\/pages\/126\/revisions\/496"}],"wp:attachment":[{"href":"https:\/\/somosmontur.com\/index.php\/wp-json\/wp\/v2\/media?parent=126"}],"curies":[{"name":"wp","href":"https:\/\/api.w.org\/{rel}","templated":true}]}}