{"id":376,"date":"2023-07-29T15:03:39","date_gmt":"2023-07-29T15:03:39","guid":{"rendered":"https:\/\/somosmontur.com\/?page_id=376"},"modified":"2026-02-12T18:03:09","modified_gmt":"2026-02-12T18:03:09","slug":"viajes","status":"publish","type":"page","link":"https:\/\/somosmontur.com\/index.php\/viajes\/","title":{"rendered":"Viajes"},"content":{"rendered":"\n<p class=\"has-text-align-center\">Disfruta y recorre nuestra maravillosa<strong> Isla de Margarita<\/strong>.<\/p>\n\n\n\n<div style=\"height:50px\" aria-hidden=\"true\" class=\"wp-block-spacer\"><\/div>\n\n\n\n<div class=\"wp-block-columns is-layout-flex wp-container-core-columns-is-layout-9d6595d7 wp-block-columns-is-layout-flex\">\n<div class=\"wp-block-column is-layout-flow wp-block-column-is-layout-flow\">\n<figure class=\"wp-block-image size-large\"><img loading=\"lazy\" decoding=\"async\" width=\"1024\" height=\"1024\" src=\"https:\/\/somosmontur.com\/wp-content\/uploads\/2026\/02\/Multimedia-1-1024x1024.jpg\" alt=\"\" class=\"wp-image-537\" srcset=\"https:\/\/somosmontur.com\/wp-content\/uploads\/2026\/02\/Multimedia-1-1024x1024.jpg 1024w, https:\/\/somosmontur.com\/wp-content\/uploads\/2026\/02\/Multimedia-1-300x300.jpg 300w, https:\/\/somosmontur.com\/wp-content\/uploads\/2026\/02\/Multimedia-1-150x150.jpg 150w, https:\/\/somosmontur.com\/wp-content\/uploads\/2026\/02\/Multimedia-1-768x768.jpg 768w, https:\/\/somosmontur.com\/wp-content\/uploads\/2026\/02\/Multimedia-1.jpg 1080w\" sizes=\"auto, (max-width: 1024px) 100vw, 1024px\" \/><\/figure>\n<\/div>\n\n\n\n<div class=\"wp-block-column is-layout-flow wp-block-column-is-layout-flow\">\n<p><strong>MONTUR <\/strong>te ofrece:<\/p>\n\n\n\n<ul class=\"wp-block-list\">\n<li>3 d\u00edas\/ 2 Noches &#8211; ISLA DE MARGARITA<\/li>\n\n\n\n<li>Boletos A\u00e9reos (Saliendo desde distintos estados del pa\u00eds) <\/li>\n\n\n\n<li>Hospedaje &#8211; Todo incluido<\/li>\n\n\n\n<li>Tours dentro de la Isla (costo adicional) <\/li>\n\n\n\n<li>Traslados (Aeropuerto &#8211; Hotel &#8211; Aeropuerto)<\/li>\n\n\n\n<li>Financiamiento en pagos.<\/li>\n<\/ul>\n\n\n\n<p>Para solicitar su cotizaci\u00f3n debes indicarnos.<\/p>\n\n\n\n<ul class=\"wp-block-list\">\n<li>Fecha estipulada para el viaje.<\/li>\n\n\n\n<li>Cantidada de personas.<\/li>\n\n\n\n<li>Debe indicar si los pasajeros son adultos, ni\u00f1os o infantes.<\/li>\n\n\n\n<li>Ciudad de donde realizar\u00e1 su salida<\/li>\n\n\n\n<li>Para cotizar deber\u00e1 enviar la informaci\u00f3n v\u00eda WhatsApp (<a href=\"https:\/\/api.whatsapp.com\/send?phone=584168299308\" target=\"_blank\" rel=\"noreferrer noopener\">Presione Aqu\u00ed<\/a>).<\/li>\n<\/ul>\n\n\n\n<p>No te quedes con las ganas, cotiza con nosotros y planifica tus vacaciones.<\/p>\n<\/div>\n<\/div>\n\n\n\n<hr class=\"wp-block-separator has-alpha-channel-opacity\"\/>\n\n\n\n<div style=\"height:50px\" aria-hidden=\"true\" class=\"wp-block-spacer\"><\/div>\n\n\n\n<p class=\"has-text-align-center\"><strong>Puerto Colombia, CHORONI&nbsp;<\/strong>\u2013 Estado Aragua<\/p>\n\n\n\n<div class=\"wp-block-columns is-layout-flex wp-container-core-columns-is-layout-9d6595d7 wp-block-columns-is-layout-flex\">\n<div class=\"wp-block-column is-layout-flow wp-block-column-is-layout-flow\">\n<figure class=\"wp-block-image size-large\"><img loading=\"lazy\" decoding=\"async\" width=\"1024\" height=\"1024\" src=\"https:\/\/somosmontur.com\/wp-content\/uploads\/2023\/07\/Choroni-1024x1024.jpg\" alt=\"\" class=\"wp-image-384\" srcset=\"https:\/\/somosmontur.com\/wp-content\/uploads\/2023\/07\/Choroni-1024x1024.jpg 1024w, https:\/\/somosmontur.com\/wp-content\/uploads\/2023\/07\/Choroni-300x300.jpg 300w, https:\/\/somosmontur.com\/wp-content\/uploads\/2023\/07\/Choroni-150x150.jpg 150w, https:\/\/somosmontur.com\/wp-content\/uploads\/2023\/07\/Choroni-768x768.jpg 768w, https:\/\/somosmontur.com\/wp-content\/uploads\/2023\/07\/Choroni.jpg 1080w\" sizes=\"auto, (max-width: 1024px) 100vw, 1024px\" \/><\/figure>\n<\/div>\n\n\n\n<div class=\"wp-block-column is-layout-flow wp-block-column-is-layout-flow\">\n<p>Nuestro paquete Incluye:<\/p>\n\n\n\n<ul class=\"wp-block-list\">\n<li>Alojamiento Puerto Colombia Choron\u00ed<\/li>\n\n\n\n<li>Transporte.<\/li>\n\n\n\n<li>Atenci\u00f3n Personalizada. <\/li>\n<\/ul>\n\n\n\n<p>Recuerda que tenemos:<\/p>\n\n\n\n<ul class=\"wp-block-list\">\n<li>No incluye ni toldos ni sillas.<\/li>\n\n\n\n<li>Para cotizar deber\u00e1 enviar la informaci\u00f3n v\u00eda WhatsApp (<a href=\"https:\/\/api.whatsapp.com\/send?phone=584168299308\" target=\"_blank\" rel=\"noreferrer noopener\">Presione Aqu\u00ed<\/a>).<\/li>\n<\/ul>\n<\/div>\n<\/div>\n\n\n\n<p><strong>Visitaremos:<\/strong> Playa Grande, Paseo por Puerto Colombia, Mirador del Cristo, Playa Tinikijima, Mirador de Tinikijima.<\/p>\n\n\n\n<div style=\"height:50px\" aria-hidden=\"true\" class=\"wp-block-spacer\"><\/div>\n\n\n\n<p class=\"has-text-align-center\">Puede consultar nuestras&nbsp;<strong><em>Condiciones y Recomendaciones de servicio.<\/em><\/strong> (<a href=\"https:\/\/somosmontur.com\/index.php\/condiciones\/\">Presione Aqu\u00ed<\/a>)<\/p>\n","protected":false},"excerpt":{"rendered":"<p>Disfruta y recorre nuestra maravillosa Isla de Margarita. MONTUR te ofrece: Para solicitar su cotizaci\u00f3n debes indicarnos. No te quedes con las ganas, cotiza con nosotros y planifica tus vacaciones. Puerto Colombia, CHORONI&nbsp;\u2013 Estado Aragua Nuestro paquete Incluye: Recuerda que tenemos: Visitaremos: Playa Grande, Paseo por Puerto Colombia, Mirador del Cristo, Playa Tinikijima, Mirador de [&hellip;]<\/p>\n","protected":false},"author":1,"featured_media":0,"parent":0,"menu_order":0,"comment_status":"closed","ping_status":"closed","template":"","meta":{"footnotes":""},"class_list":["post-376","page","type-page","status-publish","hentry"],"_links":{"self":[{"href":"https:\/\/somosmontur.com\/index.php\/wp-json\/wp\/v2\/pages\/376","targetHints":{"allow":["GET"]}}],"collection":[{"href":"https:\/\/somosmontur.com\/index.php\/wp-json\/wp\/v2\/pages"}],"about":[{"href":"https:\/\/somosmontur.com\/index.php\/wp-json\/wp\/v2\/types\/page"}],"author":[{"embeddable":true,"href":"https:\/\/somosmontur.com\/index.php\/wp-json\/wp\/v2\/users\/1"}],"replies":[{"embeddable":true,"href":"https:\/\/somosmontur.com\/index.php\/wp-json\/wp\/v2\/comments?post=376"}],"version-history":[{"count":17,"href":"https:\/\/somosmontur.com\/index.php\/wp-json\/wp\/v2\/pages\/376\/revisions"}],"predecessor-version":[{"id":539,"href":"https:\/\/somosmontur.com\/index.php\/wp-json\/wp\/v2\/pages\/376\/revisions\/539"}],"wp:attachment":[{"href":"https:\/\/somosmontur.com\/index.php\/wp-json\/wp\/v2\/media?parent=376"}],"curies":[{"name":"wp","href":"https:\/\/api.w.org\/{rel}","templated":true}]}}